{"id":198,"date":"2026-01-03T11:15:04","date_gmt":"2026-01-03T11:15:04","guid":{"rendered":"https:\/\/huseyinyamac.com.tr\/?page_id=198"},"modified":"2026-01-03T11:15:04","modified_gmt":"2026-01-03T11:15:04","slug":"bolum-1","status":"publish","type":"page","link":"https:\/\/huseyinyamac.com.tr\/?page_id=198","title":{"rendered":"B\u00f6l\u00fcm 1"},"content":{"rendered":"<p>Ben H\u00fcseyin Yama\u00e7. \u0130zmir\u2019de ya\u015f\u0131yorum, \u00fcniversitede Bilgisayar Programc\u0131l\u0131\u011f\u0131 okuyorum ve ayn\u0131 zamanda futbol oynuyorum. Hayat\u0131m genelde okul, antrenman ve bilgisayar ba\u015f\u0131nda ge\u00e7en saatler aras\u0131nda gidip geliyor.<\/p>\n","protected":false},"excerpt":{"rendered":"<p>Ben H\u00fcseyin Yama\u00e7. \u0130zmir\u2019de ya\u015f\u0131yorum, \u00fcniversitede Bilgisayar Programc\u0131l\u0131\u011f\u0131 okuyorum ve ayn\u0131 zamanda futbol oynuyorum. Hayat\u0131m genelde okul, antrenman ve bilgisayar ba\u015f\u0131nda ge\u00e7en saatler aras\u0131nda gidip geliyor.<\/p>\n","protected":false},"author":1,"featured_media":0,"parent":127,"menu_order":0,"comment_status":"closed","ping_status":"closed","template":"","meta":{"footnotes":""},"class_list":["post-198","page","type-page","status-publish","hentry"],"_links":{"self":[{"href":"https:\/\/huseyinyamac.com.tr\/index.php?rest_route=\/wp\/v2\/pages\/198","targetHints":{"allow":["GET"]}}],"collection":[{"href":"https:\/\/huseyinyamac.com.tr\/index.php?rest_route=\/wp\/v2\/pages"}],"about":[{"href":"https:\/\/huseyinyamac.com.tr\/index.php?rest_route=\/wp\/v2\/types\/page"}],"author":[{"embeddable":true,"href":"https:\/\/huseyinyamac.com.tr\/index.php?rest_route=\/wp\/v2\/users\/1"}],"replies":[{"embeddable":true,"href":"https:\/\/huseyinyamac.com.tr\/index.php?rest_route=%2Fwp%2Fv2%2Fcomments&post=198"}],"version-history":[{"count":1,"href":"https:\/\/huseyinyamac.com.tr\/index.php?rest_route=\/wp\/v2\/pages\/198\/revisions"}],"predecessor-version":[{"id":199,"href":"https:\/\/huseyinyamac.com.tr\/index.php?rest_route=\/wp\/v2\/pages\/198\/revisions\/199"}],"up":[{"embeddable":true,"href":"https:\/\/huseyinyamac.com.tr\/index.php?rest_route=\/wp\/v2\/pages\/127"}],"wp:attachment":[{"href":"https:\/\/huseyinyamac.com.tr\/index.php?rest_route=%2Fwp%2Fv2%2Fmedia&parent=198"}],"curies":[{"name":"wp","href":"https:\/\/api.w.org\/{rel}","templated":true}]}}